{"id":10809,"date":"2025-12-12T22:50:20","date_gmt":"2025-12-12T21:50:20","guid":{"rendered":"https:\/\/catalogue.biofabmed.com\/?post_type=product&#038;p=10809"},"modified":"2025-12-12T22:50:21","modified_gmt":"2025-12-12T21:50:21","slug":"lyse-mythic-2","status":"publish","type":"product","link":"https:\/\/catalogue.biofabmed.com\/?product=lyse-mythic-2","title":{"rendered":"Lyse mythic"},"content":{"rendered":"<ul>\n<li><strong>Compatibilit\u00e9 :<\/strong> Con\u00e7u sp\u00e9cifiquement pour les mod\u00e8les d&#8217;analyseurs d&#8217;h\u00e9matologie ORPHEE MYTHIC-18.<\/li>\n<li><strong>Efficacit\u00e9 :<\/strong> Assure une lyse efficace des \u00e9chantillons sanguins, permettant une num\u00e9ration pr\u00e9cise des cellules sanguines.<\/li>\n<li><strong>Qualit\u00e9 :<\/strong> Fabriqu\u00e9 par Jinhua Xinke Medical Instrument Co., Ltd., garantissant des normes de qualit\u00e9 \u00e9lev\u00e9es et une fiabilit\u00e9 constante.<\/li>\n<li><strong>Utilisation :<\/strong> Facile \u00e0 utiliser, avec des instructions claires pour une pr\u00e9paration optimale des \u00e9chantillons.<\/li>\n<\/ul>\n<h3>Avantages :<\/h3>\n<ul>\n<li><strong>Pr\u00e9cision Diagnostique :<\/strong> Am\u00e9liore la pr\u00e9cision des analyses h\u00e9matologiques en fournissant des \u00e9chantillons bien pr\u00e9par\u00e9s.<\/li>\n<li><strong>Confiance et Fiabilit\u00e9 :<\/strong> Produit de haute qualit\u00e9 qui assure des performances constantes et fiables.<\/li>\n<li><strong>Adaptabilit\u00e9 :<\/strong> Compatible avec tous les mod\u00e8les de la s\u00e9rie ORPHEE MYTHIC-18, offrant une grande flexibilit\u00e9 d&#8217;utilisation.<\/li>\n<\/ul>\n<h3>Informations Suppl\u00e9mentaires :<\/h3>\n<ul>\n<li><strong>Fabricant :<\/strong> Jinhua Xinke Medical Instrument Co., Ltd.<\/li>\n<li><strong>Adresse :<\/strong> Add:#133 fenghui Road, Jinhua, Zhejiang, Chine.<\/li>\n<\/ul>\n<p>Le <strong>AF Lyse<\/strong> est indispensable pour les laboratoires utilisant les analyseurs d&#8217;h\u00e9matologie ORPHEE MYTHIC-18, assurant des r\u00e9sultats d&#8217;analyse pr\u00e9cis et fiables.<\/p>\n","protected":false},"excerpt":{"rendered":"<p>Compatibilit\u00e9 : Con\u00e7u sp\u00e9cifiquement pour les mod\u00e8les d&#8217;analyseurs d&#8217;h\u00e9matologie ORPHEE MYTHIC-18. Efficacit\u00e9 : Assure une lyse efficace des \u00e9chantillons sanguins, permettant une num\u00e9ration pr\u00e9cise des cellules sanguines. Qualit\u00e9 : Fabriqu\u00e9 par Jinhua Xinke Medical Instrument Co., Ltd., garantissant des normes de qualit\u00e9 \u00e9lev\u00e9es et une fiabilit\u00e9 constante. Utilisation : Facile \u00e0 utiliser, avec des instructions [&hellip;]<\/p>\n","protected":false},"featured_media":10464,"comment_status":"open","ping_status":"closed","template":"","meta":[],"pwb-brand":[],"product_brand":[],"product_cat":[15],"product_tag":[],"class_list":{"0":"post-10809","1":"product","2":"type-product","3":"status-publish","4":"has-post-thumbnail","6":"product_cat-non-classe","8":"first","9":"instock","10":"shipping-taxable","11":"purchasable","12":"product-type-simple","13":"add-to-wishlist-after_add_to_cart"},"brands":[],"_links":{"self":[{"href":"https:\/\/catalogue.biofabmed.com\/index.php?rest_route=\/wp\/v2\/product\/10809","targetHints":{"allow":["GET"]}}],"collection":[{"href":"https:\/\/catalogue.biofabmed.com\/index.php?rest_route=\/wp\/v2\/product"}],"about":[{"href":"https:\/\/catalogue.biofabmed.com\/index.php?rest_route=\/wp\/v2\/types\/product"}],"replies":[{"embeddable":true,"href":"https:\/\/catalogue.biofabmed.com\/index.php?rest_route=%2Fwp%2Fv2%2Fcomments&post=10809"}],"wp:featuredmedia":[{"embeddable":true,"href":"https:\/\/catalogue.biofabmed.com\/index.php?rest_route=\/wp\/v2\/media\/10464"}],"wp:attachment":[{"href":"https:\/\/catalogue.biofabmed.com\/index.php?rest_route=%2Fwp%2Fv2%2Fmedia&parent=10809"}],"wp:term":[{"taxonomy":"pwb-brand","embeddable":true,"href":"https:\/\/catalogue.biofabmed.com\/index.php?rest_route=%2Fwp%2Fv2%2Fpwb-brand&post=10809"},{"taxonomy":"product_brand","embeddable":true,"href":"https:\/\/catalogue.biofabmed.com\/index.php?rest_route=%2Fwp%2Fv2%2Fproduct_brand&post=10809"},{"taxonomy":"product_cat","embeddable":true,"href":"https:\/\/catalogue.biofabmed.com\/index.php?rest_route=%2Fwp%2Fv2%2Fproduct_cat&post=10809"},{"taxonomy":"product_tag","embeddable":true,"href":"https:\/\/catalogue.biofabmed.com\/index.php?rest_route=%2Fwp%2Fv2%2Fproduct_tag&post=10809"}],"curies":[{"name":"wp","href":"https:\/\/api.w.org\/{rel}","templated":true}]}}