{"id":10647,"date":"2025-12-12T22:49:56","date_gmt":"2025-12-12T21:49:56","guid":{"rendered":"https:\/\/catalogue.biofabmed.com\/?post_type=product&#038;p=10647"},"modified":"2025-12-15T19:54:39","modified_gmt":"2025-12-15T18:54:39","slug":"vidas-afp-60-tests-2","status":"publish","type":"product","link":"https:\/\/catalogue.biofabmed.com\/?product=vidas-afp-60-tests-2","title":{"rendered":"VIDAS AFP             60 TESTS"},"content":{"rendered":"<p>Le test VIDAS AFP est un test immunologique utilis\u00e9 pour mesurer la concentration de l&#8217;alpha-f\u0153toprot\u00e9ine (AFP) dans le s\u00e9rum sanguin. L&#8217;AFP est une prot\u00e9ine produite par le foie et le f\u0153tus en d\u00e9veloppement. Des niveaux \u00e9lev\u00e9s d&#8217;AFP peuvent \u00eatre associ\u00e9s \u00e0 des cancers h\u00e9patiques et \u00e0 des malformations cong\u00e9nitales. Ce test est utilis\u00e9 dans le diagnostic et le suivi de ces conditions cliniques.<\/p>\n","protected":false},"excerpt":{"rendered":"<p>Le test VIDAS AFP est un test immunologique utilis\u00e9 pour mesurer la concentration de l&#8217;alpha-f\u0153toprot\u00e9ine (AFP) dans le s\u00e9rum sanguin. L&#8217;AFP est une prot\u00e9ine produite par le foie et le f\u0153tus en d\u00e9veloppement. Des niveaux \u00e9lev\u00e9s d&#8217;AFP peuvent \u00eatre associ\u00e9s \u00e0 des cancers h\u00e9patiques et \u00e0 des malformations cong\u00e9nitales. Ce test est utilis\u00e9 dans le [&hellip;]<\/p>\n","protected":false},"featured_media":10461,"comment_status":"open","ping_status":"closed","template":"","meta":[],"pwb-brand":[],"product_brand":[],"product_cat":[360,356,15],"product_tag":[],"class_list":{"0":"post-10647","1":"product","2":"type-product","3":"status-publish","4":"has-post-thumbnail","6":"product_cat-hormono-immunologie-serologie","7":"product_cat-laboratoire-danalyses-medicales","8":"product_cat-non-classe","9":"ts_product_brand-vidas-biomerieux","11":"first","12":"instock","13":"shipping-taxable","14":"purchasable","15":"product-type-simple","16":"add-to-wishlist-after_add_to_cart"},"brands":[],"_links":{"self":[{"href":"https:\/\/catalogue.biofabmed.com\/index.php?rest_route=\/wp\/v2\/product\/10647","targetHints":{"allow":["GET"]}}],"collection":[{"href":"https:\/\/catalogue.biofabmed.com\/index.php?rest_route=\/wp\/v2\/product"}],"about":[{"href":"https:\/\/catalogue.biofabmed.com\/index.php?rest_route=\/wp\/v2\/types\/product"}],"replies":[{"embeddable":true,"href":"https:\/\/catalogue.biofabmed.com\/index.php?rest_route=%2Fwp%2Fv2%2Fcomments&post=10647"}],"wp:featuredmedia":[{"embeddable":true,"href":"https:\/\/catalogue.biofabmed.com\/index.php?rest_route=\/wp\/v2\/media\/10461"}],"wp:attachment":[{"href":"https:\/\/catalogue.biofabmed.com\/index.php?rest_route=%2Fwp%2Fv2%2Fmedia&parent=10647"}],"wp:term":[{"taxonomy":"pwb-brand","embeddable":true,"href":"https:\/\/catalogue.biofabmed.com\/index.php?rest_route=%2Fwp%2Fv2%2Fpwb-brand&post=10647"},{"taxonomy":"product_brand","embeddable":true,"href":"https:\/\/catalogue.biofabmed.com\/index.php?rest_route=%2Fwp%2Fv2%2Fproduct_brand&post=10647"},{"taxonomy":"product_cat","embeddable":true,"href":"https:\/\/catalogue.biofabmed.com\/index.php?rest_route=%2Fwp%2Fv2%2Fproduct_cat&post=10647"},{"taxonomy":"product_tag","embeddable":true,"href":"https:\/\/catalogue.biofabmed.com\/index.php?rest_route=%2Fwp%2Fv2%2Fproduct_tag&post=10647"}],"curies":[{"name":"wp","href":"https:\/\/api.w.org\/{rel}","templated":true}]}}