{"id":10611,"date":"2025-12-12T22:49:52","date_gmt":"2025-12-12T21:49:52","guid":{"rendered":"https:\/\/catalogue.biofabmed.com\/?post_type=product&#038;p=10611"},"modified":"2025-12-15T19:54:34","modified_gmt":"2025-12-15T18:54:34","slug":"vidas-ebv-vca-igm-2","status":"publish","type":"product","link":"https:\/\/catalogue.biofabmed.com\/?product=vidas-ebv-vca-igm-2","title":{"rendered":"VIDAS EBV VCA IGM"},"content":{"rendered":"<p>Le test VIDAS EBV VCA IgM est un test immunologique qui d\u00e9tecte les anticorps IgM dirig\u00e9s contre l&#8217;antig\u00e8ne capside viral (VCA) du virus Epstein-Barr (EBV). Les anticorps IgM apparaissent g\u00e9n\u00e9ralement au d\u00e9but de l&#8217;infection par l&#8217;EBV et diminuent avec le temps. Ce test est utilis\u00e9 pour diagnostiquer l&#8217;infection aigu\u00eb par l&#8217;EBV, notamment la mononucl\u00e9ose infectieuse.<\/p>\n","protected":false},"excerpt":{"rendered":"<p>Le test VIDAS EBV VCA IgM est un test immunologique qui d\u00e9tecte les anticorps IgM dirig\u00e9s contre l&#8217;antig\u00e8ne capside viral (VCA) du virus Epstein-Barr (EBV). Les anticorps IgM apparaissent g\u00e9n\u00e9ralement au d\u00e9but de l&#8217;infection par l&#8217;EBV et diminuent avec le temps. Ce test est utilis\u00e9 pour diagnostiquer l&#8217;infection aigu\u00eb par l&#8217;EBV, notamment la mononucl\u00e9ose infectieuse.<\/p>\n","protected":false},"featured_media":10461,"comment_status":"open","ping_status":"closed","template":"","meta":[],"pwb-brand":[],"product_brand":[],"product_cat":[15,360,356],"product_tag":[],"class_list":{"0":"post-10611","1":"product","2":"type-product","3":"status-publish","4":"has-post-thumbnail","6":"product_cat-non-classe","7":"product_cat-hormono-immunologie-serologie","8":"product_cat-laboratoire-danalyses-medicales","9":"ts_product_brand-vidas-biomerieux","11":"first","12":"instock","13":"shipping-taxable","14":"purchasable","15":"product-type-simple","16":"add-to-wishlist-after_add_to_cart"},"brands":[],"_links":{"self":[{"href":"https:\/\/catalogue.biofabmed.com\/index.php?rest_route=\/wp\/v2\/product\/10611","targetHints":{"allow":["GET"]}}],"collection":[{"href":"https:\/\/catalogue.biofabmed.com\/index.php?rest_route=\/wp\/v2\/product"}],"about":[{"href":"https:\/\/catalogue.biofabmed.com\/index.php?rest_route=\/wp\/v2\/types\/product"}],"replies":[{"embeddable":true,"href":"https:\/\/catalogue.biofabmed.com\/index.php?rest_route=%2Fwp%2Fv2%2Fcomments&post=10611"}],"wp:featuredmedia":[{"embeddable":true,"href":"https:\/\/catalogue.biofabmed.com\/index.php?rest_route=\/wp\/v2\/media\/10461"}],"wp:attachment":[{"href":"https:\/\/catalogue.biofabmed.com\/index.php?rest_route=%2Fwp%2Fv2%2Fmedia&parent=10611"}],"wp:term":[{"taxonomy":"pwb-brand","embeddable":true,"href":"https:\/\/catalogue.biofabmed.com\/index.php?rest_route=%2Fwp%2Fv2%2Fpwb-brand&post=10611"},{"taxonomy":"product_brand","embeddable":true,"href":"https:\/\/catalogue.biofabmed.com\/index.php?rest_route=%2Fwp%2Fv2%2Fproduct_brand&post=10611"},{"taxonomy":"product_cat","embeddable":true,"href":"https:\/\/catalogue.biofabmed.com\/index.php?rest_route=%2Fwp%2Fv2%2Fproduct_cat&post=10611"},{"taxonomy":"product_tag","embeddable":true,"href":"https:\/\/catalogue.biofabmed.com\/index.php?rest_route=%2Fwp%2Fv2%2Fproduct_tag&post=10611"}],"curies":[{"name":"wp","href":"https:\/\/api.w.org\/{rel}","templated":true}]}}