{"id":10603,"date":"2025-12-12T22:49:52","date_gmt":"2025-12-12T21:49:52","guid":{"rendered":"https:\/\/catalogue.biofabmed.com\/?post_type=product&#038;p=10603"},"modified":"2025-12-15T19:54:33","modified_gmt":"2025-12-15T18:54:33","slug":"qcv-quality-control-vidas-60t-2","status":"publish","type":"product","link":"https:\/\/catalogue.biofabmed.com\/?product=qcv-quality-control-vidas-60t-2","title":{"rendered":"QCV-QUALITY CONTROL VIDAS  60T"},"content":{"rendered":"<p>Le QCV (Quality Control VIDAS) est un ensemble de contr\u00f4le qualit\u00e9 essentiel pour assurer la pr\u00e9cision et la fiabilit\u00e9 des r\u00e9sultats des tests effectu\u00e9s avec le syst\u00e8me VIDAS. Ce kit comprend 60 tests et est sp\u00e9cialement con\u00e7u pour surveiller la performance du syst\u00e8me VIDAS dans les laboratoires m\u00e9dicaux et de diagnostic. En utilisant r\u00e9guli\u00e8rement le QCV, les laboratoires peuvent v\u00e9rifier la pr\u00e9cision des r\u00e9sultats des tests, garantissant ainsi la confiance dans les r\u00e9sultats produits par le syst\u00e8me VIDAS.<\/p>\n","protected":false},"excerpt":{"rendered":"<p>Le QCV (Quality Control VIDAS) est un ensemble de contr\u00f4le qualit\u00e9 essentiel pour assurer la pr\u00e9cision et la fiabilit\u00e9 des r\u00e9sultats des tests effectu\u00e9s avec le syst\u00e8me VIDAS. Ce kit comprend 60 tests et est sp\u00e9cialement con\u00e7u pour surveiller la performance du syst\u00e8me VIDAS dans les laboratoires m\u00e9dicaux et de diagnostic. En utilisant r\u00e9guli\u00e8rement le [&hellip;]<\/p>\n","protected":false},"featured_media":10461,"comment_status":"open","ping_status":"closed","template":"","meta":[],"pwb-brand":[],"product_brand":[],"product_cat":[15,360,356],"product_tag":[],"class_list":{"0":"post-10603","1":"product","2":"type-product","3":"status-publish","4":"has-post-thumbnail","6":"product_cat-non-classe","7":"product_cat-hormono-immunologie-serologie","8":"product_cat-laboratoire-danalyses-medicales","9":"ts_product_brand-vidas-biomerieux","11":"first","12":"instock","13":"shipping-taxable","14":"purchasable","15":"product-type-simple","16":"add-to-wishlist-after_add_to_cart"},"brands":[],"_links":{"self":[{"href":"https:\/\/catalogue.biofabmed.com\/index.php?rest_route=\/wp\/v2\/product\/10603","targetHints":{"allow":["GET"]}}],"collection":[{"href":"https:\/\/catalogue.biofabmed.com\/index.php?rest_route=\/wp\/v2\/product"}],"about":[{"href":"https:\/\/catalogue.biofabmed.com\/index.php?rest_route=\/wp\/v2\/types\/product"}],"replies":[{"embeddable":true,"href":"https:\/\/catalogue.biofabmed.com\/index.php?rest_route=%2Fwp%2Fv2%2Fcomments&post=10603"}],"wp:featuredmedia":[{"embeddable":true,"href":"https:\/\/catalogue.biofabmed.com\/index.php?rest_route=\/wp\/v2\/media\/10461"}],"wp:attachment":[{"href":"https:\/\/catalogue.biofabmed.com\/index.php?rest_route=%2Fwp%2Fv2%2Fmedia&parent=10603"}],"wp:term":[{"taxonomy":"pwb-brand","embeddable":true,"href":"https:\/\/catalogue.biofabmed.com\/index.php?rest_route=%2Fwp%2Fv2%2Fpwb-brand&post=10603"},{"taxonomy":"product_brand","embeddable":true,"href":"https:\/\/catalogue.biofabmed.com\/index.php?rest_route=%2Fwp%2Fv2%2Fproduct_brand&post=10603"},{"taxonomy":"product_cat","embeddable":true,"href":"https:\/\/catalogue.biofabmed.com\/index.php?rest_route=%2Fwp%2Fv2%2Fproduct_cat&post=10603"},{"taxonomy":"product_tag","embeddable":true,"href":"https:\/\/catalogue.biofabmed.com\/index.php?rest_route=%2Fwp%2Fv2%2Fproduct_tag&post=10603"}],"curies":[{"name":"wp","href":"https:\/\/api.w.org\/{rel}","templated":true}]}}