{"id":10485,"date":"2025-12-12T22:49:33","date_gmt":"2025-12-12T21:49:33","guid":{"rendered":"https:\/\/catalogue.biofabmed.com\/?post_type=product&#038;p=10485"},"modified":"2025-12-20T22:45:28","modified_gmt":"2025-12-20T21:45:28","slug":"magnesium-2200-ml-biolabo-2","status":"publish","type":"product","link":"https:\/\/catalogue.biofabmed.com\/?product=magnesium-2200-ml-biolabo-2","title":{"rendered":"MAGNESIUM 2*200 ML Biolabo"},"content":{"rendered":"<p>M\u00e9thode bas\u00e9e sur celle d\u00e9crite par Gindler, Heth et Khayam-Bashi. La calmagite (acide 1-[1-hydroxy-4-methyl-2-phenylazo]-2-naphtol-4-sulfonique), un indicateur m\u00e9tallochromique, forme un complexe color\u00e9, en milieu alcalin, avec le magn\u00e9sium. L\u2019absorbance du complexe est mesur\u00e9e \u00e0 510-550 nm et est proportionnelle \u00e0 la concentration en magn\u00e9sium dans le sp\u00e9cimen. L\u2019EGTA limite l\u2019interf\u00e9rence du calcium, tandis que le cyanure de potassium (KCN) r\u00e9duit celle des m\u00e9taux lourds. Le polyvinylpyrolidone (PVP) et un tensio-actif r\u00e9duisent l\u2019interf\u00e9rence des prot\u00e9ines et de la lip\u00e9mie.<\/p>\n<p><strong>Caract\u00e9ristiques<\/strong><br \/>\nR\u00e9actifs pr\u00eats \u00e0 l\u2019emploi<br \/>\nStandard inclus<br \/>\nLin\u00e9arit\u00e9 : jusqu\u2019\u00e0 40 mg\/L (1,65 mmol\/L)sur s\u00e9rum et urines<br \/>\njusqu\u2019\u00e0 80 mg\/L (3.29 mmol\/L) sur \u00e9rythrocytes<br \/>\nStabilit\u00e9 et conservation : 2 ans \u00e0 18-25\u00b0C<\/p>\n<p><strong>Principe<\/strong><br \/>\nR\u00e9actif pour le dosage quantitatif du magn\u00e9sium dans les \u00e9rythrocytes, le s\u00e9rum, les urines ou le plasma humains<br \/>\nR\u00e9action en 5 minutes \u00e0 temp\u00e9rature ambiante<br \/>\nLecture en point final \u00e0 530 nm (510-550)<\/p>\n","protected":false},"excerpt":{"rendered":"<p>M\u00e9thode bas\u00e9e sur celle d\u00e9crite par Gindler, Heth et Khayam-Bashi. La calmagite (acide 1-[1-hydroxy-4-methyl-2-phenylazo]-2-naphtol-4-sulfonique), un indicateur m\u00e9tallochromique, forme un complexe color\u00e9, en milieu alcalin, avec le magn\u00e9sium. L\u2019absorbance du complexe est mesur\u00e9e \u00e0 510-550 nm et est proportionnelle \u00e0 la concentration en magn\u00e9sium dans le sp\u00e9cimen. L\u2019EGTA limite l\u2019interf\u00e9rence du calcium, tandis que le cyanure [&hellip;]<\/p>\n","protected":false},"featured_media":10426,"comment_status":"open","ping_status":"closed","template":"","meta":[],"pwb-brand":[606],"product_brand":[],"product_cat":[15,358,356],"product_tag":[],"class_list":{"0":"post-10485","1":"product","2":"type-product","3":"status-publish","4":"has-post-thumbnail","6":"pwb-brand-biolabo","7":"product_cat-non-classe","8":"product_cat-biochimie","9":"product_cat-laboratoire-danalyses-medicales","10":"ts_product_brand-biolabo","12":"first","13":"instock","14":"shipping-taxable","15":"purchasable","16":"product-type-simple","17":"add-to-wishlist-after_add_to_cart"},"brands":[{"id":606,"name":"Biolabo","slug":"biolabo"}],"_links":{"self":[{"href":"https:\/\/catalogue.biofabmed.com\/index.php?rest_route=\/wp\/v2\/product\/10485","targetHints":{"allow":["GET"]}}],"collection":[{"href":"https:\/\/catalogue.biofabmed.com\/index.php?rest_route=\/wp\/v2\/product"}],"about":[{"href":"https:\/\/catalogue.biofabmed.com\/index.php?rest_route=\/wp\/v2\/types\/product"}],"replies":[{"embeddable":true,"href":"https:\/\/catalogue.biofabmed.com\/index.php?rest_route=%2Fwp%2Fv2%2Fcomments&post=10485"}],"wp:featuredmedia":[{"embeddable":true,"href":"https:\/\/catalogue.biofabmed.com\/index.php?rest_route=\/wp\/v2\/media\/10426"}],"wp:attachment":[{"href":"https:\/\/catalogue.biofabmed.com\/index.php?rest_route=%2Fwp%2Fv2%2Fmedia&parent=10485"}],"wp:term":[{"taxonomy":"pwb-brand","embeddable":true,"href":"https:\/\/catalogue.biofabmed.com\/index.php?rest_route=%2Fwp%2Fv2%2Fpwb-brand&post=10485"},{"taxonomy":"product_brand","embeddable":true,"href":"https:\/\/catalogue.biofabmed.com\/index.php?rest_route=%2Fwp%2Fv2%2Fproduct_brand&post=10485"},{"taxonomy":"product_cat","embeddable":true,"href":"https:\/\/catalogue.biofabmed.com\/index.php?rest_route=%2Fwp%2Fv2%2Fproduct_cat&post=10485"},{"taxonomy":"product_tag","embeddable":true,"href":"https:\/\/catalogue.biofabmed.com\/index.php?rest_route=%2Fwp%2Fv2%2Fproduct_tag&post=10485"}],"curies":[{"name":"wp","href":"https:\/\/api.w.org\/{rel}","templated":true}]}}